4
What is the greatest common factor of 1131700 and 1940?
20
Calculate the greatest common divisor of 626131 and 3883.
11
Calculate the highest common factor of 528 and 1206204.
12
Calculate the greatest common factor of 185890790 and 183.
61
Calculate the highest common divisor of 444540 and 384.
12
Calculate the greatest common divisor of 12064 and 30695717.
377
Calculate the greatest common factor of 568742894 and 32330.
6466
Calculate the highest common divisor of 4 and 4245382.
2
What is the highest common factor of 24037182 and 468?
234
What is the greatest common factor of 1 and 14567459?
1
Calculate the highest common divisor of 36 and 6075116.
4
What is the highest common divisor of 480 and 7783500?
60
Calculate the greatest common factor of 7565152 and 35.
7
What is the greatest common factor of 228 and 2275860?
12
What is the greatest common divisor of 37404392 and 1688?
1688
Calculate the highest common divisor of 53379253 and 64737.
7193
Calculate the greatest common factor of 2982 and 30974531.
497
Calculate the highest common factor of 76 and 10443255.
19
What is the greatest common divisor of 21932534 and 39?
13
Calculate the greatest common factor of 154 and 58438590.
14
What is the highest common factor of 1845070 and 224110?
3070
What is the greatest common divisor of 51324164 and 267?
89
What is the highest common divisor of 5936 and 6251896?
56
What is the highest common factor of 8379713 and 5?
1
What is the highest common factor of 23066826 and 5118?
5118
What is the greatest common divisor of 7122157 and 11416?
1427
Calculate the highest common factor of 312 and 3879499.
13
What is the highest common divisor of 16 and 7647192?
8
Calculate the greatest common factor of 1795 and 73237795.
1795
Calculate the highest common factor of 251345 and 646.
17
Calculate the highest common factor of 50533847 and 26.
13
Calculate the highest common factor of 10 and 53418710.
10
What is the greatest common divisor of 196705167 and 123?
123
What is the greatest common divisor of 111 and 11449354?
37
What is the highest common factor of 11008 and 2097152?
256
Calculate the highest common divisor of 235942026 and 178.
178
What is the highest common factor of 77486 and 37672?
34
What is the greatest common divisor of 1100 and 3766708?
44
Calculate the highest common divisor of 4800052 and 68.
68
Calculate the greatest common factor of 687995640 and 2547.
2547
What is the highest common divisor of 8733584 and 32?
16
What is the highest common divisor of 940 and 1272280?
20
Calculate the highest common divisor of 81184 and 1816.
8
Calculate the highest common factor of 1394 and 8974736.
82
What is the highest common factor of 422 and 4594103?
211
What is the greatest common divisor of 8507348 and 1484?
212
What is the highest common divisor of 195 and 301857673?
13
What is the greatest common factor of 1170 and 17167358?
26
Calculate the greatest common divisor of 328 and 15538180.
164
What is the greatest common divisor of 13 and 998608?
13
What is the greatest common divisor of 20 and 23375930?
10
What is the greatest common divisor of 12984 and 2590818704?
4328
Calculate the highest common factor of 35160054 and 276.
138
Calculate the greatest common divisor of 12456 and 306920.
8
What is the highest common divisor of 11361 and 25459?
7
Calculate the greatest common divisor of 23528 and 240767906.
5882
Calculate the greatest common factor of 861 and 2304204.
21
Calculate the greatest common divisor of 2065 and 13028435.
35
What is the highest common divisor of 19722 and 5328746?
346
What is the greatest common divisor of 48234197 and 11?
11
Calculate the highest common factor of 15616 and 15173872.
976
Calculate the greatest common divisor of 401098 and 9287.
251
Calculate the greatest common factor of 1064990 and 188270.
2810
Calculate the highest common factor of 14171980 and 188.
4
What is the highest common divisor of 6612931 and 1066?
533
What is the greatest common divisor of 21664556 and 846?
94
What is the greatest common divisor of 2219 and 5500267?
317
Calculate the highest common divisor of 48670714 and 46.
46
Calculate the greatest common divisor of 60 and 95612870.
10
What is the highest common divisor of 777 and 24773091?
777
Calculate the greatest common factor of 4360 and 1551833.
109
Calculate the highest common factor of 439671 and 1717.
17
What is the highest common factor of 45703 and 36901908?
6529
Calculate the greatest common factor of 102 and 136870383.
51
What is the greatest common factor of 329 and 77469583?
47
What is the greatest common divisor of 1776 and 10525808?
16
What is the highest common factor of 42480060 and 11760?
2940
Calculate the highest common factor of 62959542 and 659.
659
Calculate the greatest common divisor of 1483 and 155324971.
1483
Calculate the greatest common divisor of 37441820 and 272.
68
Calculate the greatest common factor of 12720 and 35760.
240
What is the greatest common divisor of 1042259865 and 1335?
1335
Calculate the greatest common factor of 4059244 and 6860.
28
What is the highest common divisor of 4725320 and 187000?
680
What is the highest common divisor of 916827432 and 36?
12
Calculate the highest common factor of 26677043 and 14237.
619
Calculate the highest common divisor of 5659980 and 383955.
2685
Calculate the highest common factor of 188043201 and 108.
27
Calculate the highest common divisor of 7463338 and 2752.
86
What is the greatest common factor of 40289374 and 74?
74
Calculate the highest common divisor of 28576 and 1881692.
188
Calculate the highest common divisor of 3045530 and 20.
10
What is the greatest common factor of 6485808 and 686469?
2037
What is the highest common divisor of 11833757 and 31707?
3523
Calculate the greatest common divisor of 281321360 and 592.
592
What is the greatest common divisor of 4278540 and 1540?
140
Calculate the greatest common factor of 28350396 and 2988.
36
What is the greatest common divisor of 3365 and 769239?
673
Calculate the greatest common factor of 29706331 and 445.
89
Calculate the highest common divisor of 2826 and 8635.
157
Calculate the highest common divisor of 380851 and 91572523.
8857
What is the highest common factor of 163994032 and 24?
8
Calculate the greatest common factor of 2122054 and 1826.
22
What is the greatest common divisor of 663 and 5960747?
13
Calculate the greatest common divisor of 330179 and 9125.
73
Calculate the greatest common factor of 145722158 and 313.
313
What is the greatest common factor of 11568 and 1401?
3
Calculate the highest common divisor of 44291 and 13052217.
3407
Calculate the highest common divisor of 125492 and 185261.
229
Calculate the highest common factor of 1400385 and 35560.
35
What is the greatest common divisor of 9584868 and 5517?
1839
What is the greatest common divisor of 315 and 1281890505?
105
What is the greatest common divisor of 808007229 and 4626?
2313
What is the highest common divisor of 186231 and 21965?
23
What is the greatest common factor of 80410056 and 1704?
1704
What is the highest common divisor of 3472120 and 5560?
40
What is the greatest common factor of 152978 and 1503026?
686
What is the highest common factor of 55606270 and 4566?
1522
Calculate the greatest common divisor of 11895348 and 2064.
516
Calculate the greatest common divisor of 81174 and 514428.
978
Calculate the highest common factor of 4344 and 682152.
24
Calculate the highest common divisor of 18 and 530798274.
18
What is the greatest common divisor of 133648 and 52?
4
Calculate the highest common factor of 141645267 and 6.
3
Calculate the highest common divisor of 80181490 and 3815.
545
What is the greatest common divisor of 5337 and 17058831?
1779
What is the greatest common divisor of 359 and 236042141?
359
Calculate the greatest common divisor of 9167 and 11369661.
89
Calculate the highest common factor of 319509502 and 121914.
13546
Calculate the greatest common factor of 265 and 266330.
5
What is the highest common factor of 1007 and 114969?
19
Calculate the greatest common factor of 182649099 and 3954.
1977
Calculate the greatest common divisor of 541904 and 40304.
176
Calculate the highest common factor of 2234542 and 57753.
713
What is the greatest common divisor